(-12 - -18) + (8 - (-10 + 8))
16
What is (-6 - (15 - -34)) + 28?
-27
What is the value of (-14 - (-32 - -9)) + -12 + 0 + 2?
-1
415 - 402 - (1 + -2 + -2)
16
Calculate ((-3 - 5) + (-12 - 0) - 3) + 7.
-16
Calculate 0 + 1 + -621 + 643.
23
What is 20 + (7 + -1 - 4) + -12?
10
What is (-7 - (-6 - (4 + -7))) + (75 - 65)?
6
Evaluate -1 - ((11 - 9 - 11) + (-4 - 1)).
13
What is -9 - -5 - (24 + -18)?
-10
Evaluate (3 - 0) + -1 + 655 + -654.
3
-7 + 18 + (-5 - (6 + -18 - 2))
20
Calculate -1 + 35 - (-980 - -1036).
-22
0 + -16 + (55 - 51) - 25
-37
What is the value of -15 - (-1 + (1 + -9 - (35 - 37)))?
-8
Evaluate -33 - ((-19 - -8) + -40).
18
-2 + -9 + 3 + 2 + 4
-2
What is the value of (10 + (-3 - 11) - -9) + -2 + -6?
-3
Calculate -464 - -460 - (3 - -13).
-20
(2 - -18) + (2 - -5 - (-6 - -5))
28
Evaluate (-17 + 15 - (-21 - 2)) + -9.
12
What is -1 + 0 - (6 + 20 + -4 + -32)?
9
(5 + 9 - 35) + 7 + -18
-32
(141 - 150) + 13 + -1
3
3 - (-1 - 2 - (-32 + 27))
1
What is 0 + 5 + -52 + 21 + 31?
5
Evaluate -2 + 10 + -1 + -214 + 217.
10
Evaluate -3 + 17 + 97 + -106.
5
What is 22 + -3 - (-145 + 182)?
-18
What is the value of 9 + (-20 - 8) + 12?
-7
Evaluate 18 + -6 + (-9 - -2) - 8.
-3
What is (24 - 7) + 9 + -25?
1
What is the value of 13 + (-22 - -14) - 9?
-4
What is (-12 - (-3 - -2)) + 4 - 12?
-19
What is (-6 - -12) + 0 + 1 - -15 - 0?
22
What is 1 + (-10 + 1 - -23)?
15
-57 - (-41 + 33) - -24
-25
Evaluate 1 + -11 - (15 + 47 - 60).
-12
-20 - (-27 + 33 + -25)
-1
What is -3 + (-40 - -31) + (2 + -4 - -3)?
-11
Evaluate (8 - (-8 - 11)) + (7 - (0 - -12)).
22
What is -2 - ((11 - 1) + -16) - 0?
4
Evaluate 0 - (2 + 20 + -33 - (-8 - 0)).
3
Evaluate 7 + 4 + -14 + (7 - -1 - 3).
2
What is the value of (-6 - (1 - -2)) + (25 - 2 - 0)?
14
What is 3 + 7 + 2 + -20?
-8
What is 5 + (7 - (-6 + (21 - 10)) - -10)?
17
Evaluate 2 - (-9 + (3 - -6)).
2
What is 1 + 11 + (-33 - (-16 - 16))?
11
Evaluate -10 - -2 - (40 + 0 + -41).
-7
-7 - (4 + -2 - (4 + -9))
-14
What is 17 + -35 - (2 + -12 + 2)?
-10
Evaluate (-2 - (-17 - 4)) + -1 + -7.
11
Evaluate -1 + (-8 + -1 - -12 - (0 - 1)).
3
-8 - (4 + (1 - 1)) - -15
3
What is 7 + -13 - -11 - (17 + -16)?
4
What is 1 + -14 + 14 + -3 + (-1 - -2)?
-1
What is the value of 4 + (12 - (-10 - -9)) + 3 + 2?
22
(-49 - -12) + 13 + 4 - -2
-18
Calculate -33 - (-61 + -11 - -11).
28
6 + (-6 - (-9 + 1 + 0))
8
What is -3 + 13 + -14 - -4?
0
Calculate -10 - (2 - 0 - (66 + -77)) - -7.
-16
Evaluate (-1 - (-1 + 4)) + (-179 - -183) + 6.
6
Evaluate -89 + 83 - (11 + -16 + 8).
-9
What is (-4 - (-9 - -9)) + (4 + -4 - 3)?
-7
What is 9 + -9 + (13 - -1 - 7)?
7
Evaluate -11 + -3 + 7 + (5 - 38).
-40
What is the value of -5 + 4 + (1 + -1 - -3 - 6)?
-4
What is 13 - (6 + -15 + 18 + -5)?
9
What is -28 + (26 - (4 - -5))?
-11
What is (-8 - -12 - -10) + -15?
-1
8 + 5 + -27 + 0
-14
What is 4 - (3 + -1 + -1) - (217 - 217)?
3
What is 26 - (1 - -3 - -13)?
9
Calculate (21 - 0) + (-498 - -459).
-18
(2 - (-17 + (0 - -6))) + -9 + 0
4
Evaluate 4 - 26 - (-6 + 0).
-16
(0 + -10 + 7 - (-1 + -2)) + 7
7
What is 5 + (-2 - 1) + -1 + (2 - -3)?
6
-7 - (-15 + 19 + -11)
0
What is the value of (-2 + 7 - (-17 - -23)) + -1 - -5?
3
What is (-1 - (14 + -11)) + (-4 - -3) + -26?
-31
What is the value of 25 - ((-20 - -19) + (17 - 5))?
14
What is -9 - (0 + -2) - (2 - 5)?
-4
Evaluate -15 + 17 + (4 - 0) + -1.
5
Calculate -3 + 0 + -10 - -4.
-9
What is the value of -5 + 11 - 12 - -7?
1
What is 15 - (-11 + 4 + 7 - -5) - -5?
15
Calculate -24 - (4 + 26 + -15).
-39
57 + -108 + 74 + (-10 - 0)
13
Evaluate (1 + -2 + -1 - 2) + (129 - 121).
4
-1 - ((8 - (2 + 5 + -5)) + 10)
-17
Evaluate 2 + (14 - 9) + 0 + 5.
12
What is 1 + (7 - (-7 + 4)) + -4 + 7?
14
What is (11 - 6) + -21 + 5 + -2?
-13
What is 29 + -32 + (11 - 1) + 1?
8
What is the value of (3 - 16) + (33 - (38 - 15))?
-3
Calculate -20 + (-16 - -9 - -20).
-7
What is -2 - -9 - ((14 - 11) + 7)?
-3
What is (8 - 0) + 1 + -4 + -67 + 56?
-6
Evaluate 0 + 14 + -11 + (-1 - -3 - 12).
-7
Calculate -2 + -5 + 129 + -121.
1
What is the value of -50 + 51 - (0 - 8)?
9
Calculate -3 + (358 - 370) + (42 - 0).
27
Evaluate (-160 - -158) + 12 + -2.
8
Evaluate 2 + 7 - 11 - (-1 + (-1 - 1)).
1
What is the value of (-4 - -19) + (11 - (0 - -8))?
18
What is the value of -6 - (24 + -11) - -43?
24
What is the value of -3 + 10 - (-20 - -12) - 4?
11
30 + (20 - 31 - 8)
11
(6 - (1 - 5 - -5 - -12)) + -2
-9
Evaluate (-12 - 1) + 202 + -218.
-29
What is 13 - (1 + -9 + -13 + 14 + 14)?
6
Evaluate 7 + 3 + -4 + (-3 + -5 - -3).
1
Calculate 20 + -27 + 12 + (-7 + 10 - 29).
-21
0 - 1 - 2 - (-27 - (16 + -42))
-2
Calculate -117 - -103 - ((-2 - 2) + (-4 - -1)).
-7
9 - -1 - (108 - 93)
-5
What is -3 - (-8 - (-8 + 9)) - 14?
-8
Evaluate 3 + (6 - (7 + 1)) - -1.
2
Evaluate 13 + -2 + -17 + (-4 - -2 - -12).
4
What is 0 + -9 + (3 + 19 + 9 - 9)?
13
What is 14 + -5 + -24 + 7?
-8
Calculate 6 - (12 - (0 - -8) - 13).
15
Calculate 12 + -21 - -18 - 5.
4
Calculate 3 - 0 - (33 + -9 - 3).
-18
Calculate 25 - 31 - -5 - (-2 + 2 + 2).
-3
What is -19 - (-2 - (6 + 4))?
-7
What is (-28 - (-58 - -18)) + -26?
-14
Calculate -8 + (15 - 6) + -9 - -7.
-1
Calculate 19 + -11 + 1 - 2.
7
-8 - (-9 - -14 - -4) - -3
-14
What is the value of -6 + (-26 - -8 - -9) - -6?
-9
What is (9 - 2) + (-87 - -92)?
12
35 + (-18 + -13 - 36)
-32
What is -15 - (0 - (17 + -6))?
-4
What is (-1 - -14) + (-25 - (-5 + 8))?
-15
What is -9 - (-1 + -1 - (-6 - (8 + -10)))?
-11
Calculate 2 + 0 + 20 + -30 - -14.
6
Calculate -12 - -12 - (-3 + 20).
-17
What is the value of (-5 - (-3 + -3 + 2 - 1)) + 3?
3
18 + 2 + 59 + -67 - (9 + 0)
3
What is 41 + (-17 + 45 - 61)?
8
What is the value of -1 + -19 + (24 - (6 - -13))?
-15
What is the value of -2 + -28 + 6 + 14?
-10
(-10 - -11) + -1 + (-2 - (-2 + 7))
-7
Evaluate (2 - 2) + (-7 + -1 - (30 + -20)).
-18
33 + (2 + (2 - -7) - (113 + -101))
32
Evaluate 1 + 4 + 11 + -19 + 12 + 9.
18
1 + (10 - (-7 + 8) - -7)
17
1 + -15 + 36 + -2 + 2
22
Calculate 30 - ((7 - (4 - 8)) + 2).
17
(8 + -1 + -12 - -6) + 8 - -17
26
What is the value of 0 - -6 - ((8 - 28) + 14)?
12
What is the value of (-5 - -9 - 6 - 3) + -8 + -2?
-15
What is the value of 1 + (0 - 3) - (13 - 3 - 24)?
12
Calculate -7 - (8 - (-29 - -52)).
8
What is 3 + -2 + -8 + 5 + (34 - 24)?
8
Evaluate 76 + -124 - (-22 + -4).
-22
-17 + 8 - (3 + -7)
-5
Calculate -11 - -1 - (-1 - 7) - -8.
6
What is -11 - ((6 - 2) + -3) - (-3 - -1)?
-10
Evaluate 12 - (1 + 0) - (12 + -4).
3
12 - 3 - ((20 - 8) + -19 - -35)
-19
What is the value of 3 + 3 + -10 + 2 + -11 + 1?
-12
8 + 4 + -26 - -11
-3
(-13 - -12) + -12 + 4
-9
What is -2 + -1 - (-13 + (59 - 34))?
-15
Calculate -53 - -71 - (0 + 14) - (-15 - -1).
18
Calculate -21 - (1 - 12 - 8).
-2
Evaluate -2 + (-5 - -7) + -2 + 1 + 5.
4
What is the value of 8 + 21 + -7 + -42?
-20
9 - (-15 + (2 - -13))
9
What is the value of (80 - 85) + (1 - (0 - -3))?
-7
Calculate 7 + (24 - 18) + 9 + 7.
29
-29 + (-1 - -1) + 128 + -244 + 122
-23
What is 7 + (2 - 2) + -1 + 9?
15
Calculate (-34 - (-38 - -38)) + 27.
-7
(2 - (12 + 4 + -4)) + -4 + 6
-8
Evaluate 0 + 5 + 3 + -13.
-5
What is 1 - -1 - (0 + 0 - (-96 - -97))?
3
56 + -29 - -2 - 34
-5
What is the value of -5 + (-27 - (10 - 40) - (-1 + -6))?
5
Evaluate (-16 - (-1 + 4) - -4) + 0 + -1.
-16
What is the value of -40 + (57 - 39 - -37)?
15
What is 4 - (4 - -6) - (4 + 3 + -8)?
-5
Calculate (-1 + -4 - (-182 - -178)) + -30 + -3.
-34
Calculate (117 - 131) + (25 - 2) - -21.
30
What is -21 + 21 - -20 - 31?
-11
What is the value of 26 + (0 - 1) + (288 - 286) - 4?
23
Calculate -27 + (31 - 21) - -27.
10
What is (3 - (-6 + 17) - -16) + (-1 - 7)?
0
Evaluate -31 - (-8 + -20 + -11).
8
What is 4 + 1 - (0 + 0 + (-48 - -46))?
7
-8 - 8 - (18 - (20 + 50))
36
What is the value of -11 - -4 - (10 + 4 + -14)?
-7
Evaluate (6 - -27) + (11 - -6 - 15).
35
-80 + 67 - (-9 + -3 + 1)
-2
Calculate -6 + (-4 - 24) + 11 - (-1 + 7).
-29
Evaluate 11 - (7 - -1) - (2 - 2) - -22.
25
-249 - -255 - (2 - (2 + -4))
2
-74 - -77 - (15 - -5)
-17
8 + (-1 - -6 - (-13 + 16))
10
Evaluate (9 - 18 - -20 - 2) + -24.
-15
Evaluate -36 + (-13 - -24) + (1 + 3 - 9).
-30
Evaluate 2 + -2 + 9 - (0 - 4).
13
(-17 + -5 + 39 - (0 + -9)) + -9
17
Calculate 11 - (2 + -7) - 14.
2
What is the value of -14 - ((16 - (-3 + 9)) + -10)?
-14
What is -30 + (-11 - -6) + -17 + 25 - 4?
-31
What is the value of -4 + 4 + -4 - (-24 + (1 - 4))?
23
-3 + -3 + 43 + 2 